{"id":232,"date":"2025-07-16T04:53:51","date_gmt":"2025-07-16T02:53:51","guid":{"rendered":"http:\/\/localhost\/generationactionsolidaire\/?page_id=232"},"modified":"2025-08-02T20:44:07","modified_gmt":"2025-08-02T18:44:07","slug":"pole-solidaire","status":"publish","type":"page","link":"https:\/\/www.generation-action-solidaire.org\/index.php\/pole-solidaire\/","title":{"rendered":"P\u00f4le solidaire"},"content":{"rendered":"\n<div class=\"wp-block-group alignfull has-ti-bg-alt-color has-ti-bg-inv-background-color has-text-color has-background is-layout-flow wp-container-core-group-is-layout-faa2fd2d wp-block-group-is-layout-flow\" style=\"margin-top:0px;margin-bottom:0px;padding-top:64px;padding-bottom:64px;background-image:url(&apos;https:\/\/www.generation-action-solidaire.org\/wp-content\/uploads\/2025\/07\/WhatsApp-Image-2025-05-06-at-16.09.45-edited.jpeg&apos;);background-position:36% 74%;background-size:cover;\">\n<div style=\"height:100px\" aria-hidden=\"true\" class=\"wp-block-spacer\"><\/div>\n\n\n\n<div class=\"wp-block-group alignwide is-layout-flow wp-block-group-is-layout-flow\">\n<div class=\"wp-block-group alignwide is-layout-constrained wp-block-group-is-layout-constrained\"><h1 class=\"has-text-align-center has-link-color alignwide wp-elements-1659c55acbbddafa0a8ef96f81e64794 wp-block-post-title has-text-color has-white-color\">P\u00f4le solidaire<\/h1><\/div>\n<\/div>\n\n\n\n<div style=\"height:100px\" aria-hidden=\"true\" class=\"wp-block-spacer\"><\/div>\n<\/div>\n\n\n\n<h4 class=\"wp-block-heading\">Aides Alimentaires :<\/h4>\n\n\n\n<p>Collecte hebdomadaire : R\u00e9cup\u00e9ration de produits frais et de premi\u00e8re n\u00e9cessit\u00e9 par nos b\u00e9n\u00e9voles.<\/p>\n\n\n\n<p>Assemblage et distribution : Produits tri\u00e9s et assembl\u00e9s en paniers alimentaires, distribu\u00e9s aux familles \/ \u00e9tudiants en difficult\u00e9.<\/p>\n\n\n\n<p>Objectif principal : Fournir des biens essentiels aux personnes dans le besoin, en partenariat avec Carrefour, Auchan et la banque alimentaire.<\/p>\n\n\n\n<p>La distribution de colis alimentaires est effectu\u00e9e tous<strong> les mercredis de 14h \u00e0 18h<\/strong><\/p>\n\n\n\n<div class=\"wp-block-columns is-layout-flex wp-container-core-columns-is-layout-28f84493 wp-block-columns-is-layout-flex\">\n<div class=\"wp-block-column is-layout-flow wp-block-column-is-layout-flow\">\n<figure class=\"wp-block-image size-large is-resized\"><img loading=\"lazy\" decoding=\"async\" width=\"1024\" height=\"768\" src=\"http:\/\/localhost\/generationactionsolidaire\/wp-content\/uploads\/2025\/07\/7b7b7df8-1cef-4ce7-9e4a-558eb7d8ab75-1024x768.jpg\" alt=\"\" class=\"wp-image-392\" style=\"width:465px;height:auto\" srcset=\"https:\/\/www.generation-action-solidaire.org\/wp-content\/uploads\/2025\/07\/7b7b7df8-1cef-4ce7-9e4a-558eb7d8ab75-1024x768.jpg 1024w, https:\/\/www.generation-action-solidaire.org\/wp-content\/uploads\/2025\/07\/7b7b7df8-1cef-4ce7-9e4a-558eb7d8ab75-300x225.jpg 300w, https:\/\/www.generation-action-solidaire.org\/wp-content\/uploads\/2025\/07\/7b7b7df8-1cef-4ce7-9e4a-558eb7d8ab75-768x576.jpg 768w, https:\/\/www.generation-action-solidaire.org\/wp-content\/uploads\/2025\/07\/7b7b7df8-1cef-4ce7-9e4a-558eb7d8ab75-1536x1152.jpg 1536w, https:\/\/www.generation-action-solidaire.org\/wp-content\/uploads\/2025\/07\/7b7b7df8-1cef-4ce7-9e4a-558eb7d8ab75.jpg 1600w\" sizes=\"auto, (max-width: 1024px) 100vw, 1024px\" \/><\/figure>\n<\/div>\n\n\n\n<div class=\"wp-block-column is-layout-flow wp-block-column-is-layout-flow\">\n<figure class=\"wp-block-image size-large is-resized\"><img loading=\"lazy\" decoding=\"async\" width=\"1024\" height=\"709\" src=\"http:\/\/localhost\/generationactionsolidaire\/wp-content\/uploads\/2025\/07\/Capture-decran-2025-07-29-171622-1024x709.png\" alt=\"\" class=\"wp-image-400\" style=\"width:397px;height:auto\" srcset=\"https:\/\/www.generation-action-solidaire.org\/wp-content\/uploads\/2025\/07\/Capture-decran-2025-07-29-171622-1024x709.png 1024w, https:\/\/www.generation-action-solidaire.org\/wp-content\/uploads\/2025\/07\/Capture-decran-2025-07-29-171622-300x208.png 300w, https:\/\/www.generation-action-solidaire.org\/wp-content\/uploads\/2025\/07\/Capture-decran-2025-07-29-171622-768x532.png 768w, https:\/\/www.generation-action-solidaire.org\/wp-content\/uploads\/2025\/07\/Capture-decran-2025-07-29-171622.png 1166w\" sizes=\"auto, (max-width: 1024px) 100vw, 1024px\" \/><\/figure>\n<\/div>\n\n\n\n<div class=\"wp-block-column is-layout-flow wp-block-column-is-layout-flow\">\n<figure class=\"wp-block-image size-full\"><img loading=\"lazy\" decoding=\"async\" width=\"1024\" height=\"768\" src=\"http:\/\/localhost\/generationactionsolidaire\/wp-content\/uploads\/2025\/07\/5bbad373-02bf-47c2-9bf6-4af66a67ff82-1.jpg\" alt=\"\" class=\"wp-image-399\" srcset=\"https:\/\/www.generation-action-solidaire.org\/wp-content\/uploads\/2025\/07\/5bbad373-02bf-47c2-9bf6-4af66a67ff82-1.jpg 1024w, https:\/\/www.generation-action-solidaire.org\/wp-content\/uploads\/2025\/07\/5bbad373-02bf-47c2-9bf6-4af66a67ff82-1-300x225.jpg 300w, https:\/\/www.generation-action-solidaire.org\/wp-content\/uploads\/2025\/07\/5bbad373-02bf-47c2-9bf6-4af66a67ff82-1-768x576.jpg 768w\" sizes=\"auto, (max-width: 1024px) 100vw, 1024px\" \/><\/figure>\n<\/div>\n\n\n\n<div class=\"wp-block-column is-layout-flow wp-block-column-is-layout-flow\">\n<figure class=\"wp-block-image size-full\"><img loading=\"lazy\" decoding=\"async\" width=\"1024\" height=\"768\" src=\"http:\/\/localhost\/generationactionsolidaire\/wp-content\/uploads\/2025\/07\/87797f44-0e5c-4ddb-b1a9-3f4e4163d339-1.jpg\" alt=\"\" class=\"wp-image-401\" srcset=\"https:\/\/www.generation-action-solidaire.org\/wp-content\/uploads\/2025\/07\/87797f44-0e5c-4ddb-b1a9-3f4e4163d339-1.jpg 1024w, https:\/\/www.generation-action-solidaire.org\/wp-content\/uploads\/2025\/07\/87797f44-0e5c-4ddb-b1a9-3f4e4163d339-1-300x225.jpg 300w, https:\/\/www.generation-action-solidaire.org\/wp-content\/uploads\/2025\/07\/87797f44-0e5c-4ddb-b1a9-3f4e4163d339-1-768x576.jpg 768w\" sizes=\"auto, (max-width: 1024px) 100vw, 1024px\" \/><\/figure>\n<\/div>\n<\/div>\n\n\n\n<h4 class=\"wp-block-heading\">Maraudes pour les Sans-Abri :<\/h4>\n\n\n\n<p>Intervention aupr\u00e8s des sans-abris : Rencontres avec des personnes sans domicile fixe ou en grande pr\u00e9carit\u00e9.<\/p>\n\n\n\n<p>Soutien mat\u00e9riel et moral : Distribution de repas chauds, couvertures, v\u00eatements, et produits d\u2019hygi\u00e8ne, avec un accompagnement moral.<\/p>\n\n\n\n<h4 class=\"wp-block-heading\">Initiative \u00ab\u00a0Hiver Solidaire\u00a0\u00bb <\/h4>\n\n\n\n<p>Dans le cadre de notre engagement en faveur des personnes en situation de pr\u00e9carit\u00e9, l&rsquo;association organise \u00ab\u00a0Hiver Solidaire\u00a0\u00bb, une initiative visant \u00e0<br>soutenir les sans-abris durant la p\u00e9riode hivernale.<\/p>\n\n\n\n<p>A chaque \u00e9dition , notre action s\u2019est concr\u00e9tis\u00e9e \u00e0 travers deux volets essentiels : une collecte de v\u00eatements (r\u00e9cup\u00e9ration et distribution de v\u00eatements chauds pour l&rsquo;hiver) et une maraude solidaire dans les quartiers de la porte de la Chapelle et de la porte d\u2019Aubervilliers.<br>L&rsquo;objectif principal de cette \u00e9dition \u00e9tait double :<\/p>\n\n\n\n<p>1)R\u00e9pondre aux besoins imm\u00e9diats des sans-abri en leur offrant des v\u00eatements chauds et de la nourriture<\/p>\n\n\n\n<p>2)Renforcer le lien social en allant \u00e0 la rencontre des personnes en grande pr\u00e9carit\u00e9, afin de leur apporter \u00e9coute, r\u00e9confort et solidarit\u00e9 <br>Chaque personne rencontr\u00e9e a pu recevoir des v\u00eatements chauds en fonction de ses besoins ainsi que la distribution de nourriture et de boissons chaudes, les repas chauds<br>(soupes, sandwiches) et des boissons (caf\u00e9, th\u00e9) ont \u00e9t\u00e9 pr\u00e9par\u00e9s et distribu\u00e9s.<br>En plus de la distribution mat\u00e9rielle, un temps d\u2019\u00e9change a \u00e9t\u00e9 consacr\u00e9 \u00e0 chaque personne rencontr\u00e9e, dans une optique d\u2019\u00e9coute bienveillante.<br>Malgr\u00e9 les efforts, certains besoins plus sp\u00e9cifiques (soins m\u00e9dicaux, h\u00e9bergement) n\u2019ont pas pu \u00eatre couverts par cette action.<\/p>\n\n\n\n<p>Impact : R\u00e9duction de l&rsquo;isolement + soutien mat\u00e9riel et moral aux sans-abris durant la p\u00e9riode hivernale.<\/p>\n","protected":false},"excerpt":{"rendered":"<p>Aides Alimentaires : Collecte hebdomadaire : R\u00e9cup\u00e9ration de produits frais et de premi\u00e8re n\u00e9cessit\u00e9 par nos b\u00e9n\u00e9voles. Assemblage et distribution : Produits tri\u00e9s et assembl\u00e9s en paniers alimentaires, distribu\u00e9s aux familles \/ \u00e9tudiants en difficult\u00e9. Objectif principal : Fournir des biens essentiels aux personnes dans le besoin, en partenariat avec Carrefour, Auchan et la banque [&hellip;]<\/p>\n","protected":false},"author":1,"featured_media":0,"parent":0,"menu_order":0,"comment_status":"closed","ping_status":"closed","template":"","meta":{"footnotes":""},"class_list":["post-232","page","type-page","status-publish","hentry"],"yoast_head":"<!-- This site is optimized with the Yoast SEO plugin v25.6 - https:\/\/yoast.com\/wordpress\/plugins\/seo\/ -->\n<title>P\u00f4le solidaire - G\u00e9n\u00e9ration Action Solidaire<\/title>\n<meta name=\"robots\" content=\"index, follow, max-snippet:-1, max-image-preview:large, max-video-preview:-1\" \/>\n<link rel=\"canonical\" href=\"https:\/\/www.generation-action-solidaire.org\/index.php\/pole-solidaire\/\" \/>\n<meta property=\"og:locale\" content=\"fr_FR\" \/>\n<meta property=\"og:type\" content=\"article\" \/>\n<meta property=\"og:title\" content=\"P\u00f4le solidaire - G\u00e9n\u00e9ration Action Solidaire\" \/>\n<meta property=\"og:description\" content=\"Aides Alimentaires : Collecte hebdomadaire : R\u00e9cup\u00e9ration de produits frais et de premi\u00e8re n\u00e9cessit\u00e9 par nos b\u00e9n\u00e9voles. Assemblage et distribution : Produits tri\u00e9s et assembl\u00e9s en paniers alimentaires, distribu\u00e9s aux familles \/ \u00e9tudiants en difficult\u00e9. Objectif principal : Fournir des biens essentiels aux personnes dans le besoin, en partenariat avec Carrefour, Auchan et la banque [&hellip;]\" \/>\n<meta property=\"og:url\" content=\"https:\/\/www.generation-action-solidaire.org\/index.php\/pole-solidaire\/\" \/>\n<meta property=\"og:site_name\" content=\"G\u00e9n\u00e9ration Action Solidaire\" \/>\n<meta property=\"article:modified_time\" content=\"2025-08-02T18:44:07+00:00\" \/>\n<meta property=\"og:image\" content=\"https:\/\/www.generation-action-solidaire.org\/wp-content\/uploads\/2025\/07\/7b7b7df8-1cef-4ce7-9e4a-558eb7d8ab75.jpg\" \/>\n\t<meta property=\"og:image:width\" content=\"1600\" \/>\n\t<meta property=\"og:image:height\" content=\"1200\" \/>\n\t<meta property=\"og:image:type\" content=\"image\/jpeg\" \/>\n<meta name=\"twitter:card\" content=\"summary_large_image\" \/>\n<meta name=\"twitter:label1\" content=\"Dur\u00e9e de lecture estim\u00e9e\" \/>\n\t<meta name=\"twitter:data1\" content=\"3 minutes\" \/>\n<script type=\"application\/ld+json\" class=\"yoast-schema-graph\">{\"@context\":\"https:\/\/schema.org\",\"@graph\":[{\"@type\":\"WebPage\",\"@id\":\"https:\/\/www.generation-action-solidaire.org\/index.php\/pole-solidaire\/\",\"url\":\"https:\/\/www.generation-action-solidaire.org\/index.php\/pole-solidaire\/\",\"name\":\"P\u00f4le solidaire - G\u00e9n\u00e9ration Action Solidaire\",\"isPartOf\":{\"@id\":\"https:\/\/www.generation-action-solidaire.org\/#website\"},\"primaryImageOfPage\":{\"@id\":\"https:\/\/www.generation-action-solidaire.org\/index.php\/pole-solidaire\/#primaryimage\"},\"image\":{\"@id\":\"https:\/\/www.generation-action-solidaire.org\/index.php\/pole-solidaire\/#primaryimage\"},\"thumbnailUrl\":\"http:\/\/localhost\/generationactionsolidaire\/wp-content\/uploads\/2025\/07\/7b7b7df8-1cef-4ce7-9e4a-558eb7d8ab75-1024x768.jpg\",\"datePublished\":\"2025-07-16T02:53:51+00:00\",\"dateModified\":\"2025-08-02T18:44:07+00:00\",\"breadcrumb\":{\"@id\":\"https:\/\/www.generation-action-solidaire.org\/index.php\/pole-solidaire\/#breadcrumb\"},\"inLanguage\":\"fr-FR\",\"potentialAction\":[{\"@type\":\"ReadAction\",\"target\":[\"https:\/\/www.generation-action-solidaire.org\/index.php\/pole-solidaire\/\"]}]},{\"@type\":\"ImageObject\",\"inLanguage\":\"fr-FR\",\"@id\":\"https:\/\/www.generation-action-solidaire.org\/index.php\/pole-solidaire\/#primaryimage\",\"url\":\"http:\/\/localhost\/generationactionsolidaire\/wp-content\/uploads\/2025\/07\/7b7b7df8-1cef-4ce7-9e4a-558eb7d8ab75-1024x768.jpg\",\"contentUrl\":\"http:\/\/localhost\/generationactionsolidaire\/wp-content\/uploads\/2025\/07\/7b7b7df8-1cef-4ce7-9e4a-558eb7d8ab75-1024x768.jpg\"},{\"@type\":\"BreadcrumbList\",\"@id\":\"https:\/\/www.generation-action-solidaire.org\/index.php\/pole-solidaire\/#breadcrumb\",\"itemListElement\":[{\"@type\":\"ListItem\",\"position\":1,\"name\":\"Accueil\",\"item\":\"https:\/\/www.generation-action-solidaire.org\/\"},{\"@type\":\"ListItem\",\"position\":2,\"name\":\"P\u00f4le solidaire\"}]},{\"@type\":\"WebSite\",\"@id\":\"https:\/\/www.generation-action-solidaire.org\/#website\",\"url\":\"https:\/\/www.generation-action-solidaire.org\/\",\"name\":\"G\u00e9n\u00e9ration Action Solidaire\",\"description\":\"\",\"publisher\":{\"@id\":\"https:\/\/www.generation-action-solidaire.org\/#organization\"},\"potentialAction\":[{\"@type\":\"SearchAction\",\"target\":{\"@type\":\"EntryPoint\",\"urlTemplate\":\"https:\/\/www.generation-action-solidaire.org\/?s={search_term_string}\"},\"query-input\":{\"@type\":\"PropertyValueSpecification\",\"valueRequired\":true,\"valueName\":\"search_term_string\"}}],\"inLanguage\":\"fr-FR\"},{\"@type\":\"Organization\",\"@id\":\"https:\/\/www.generation-action-solidaire.org\/#organization\",\"name\":\"G\u00e9n\u00e9ration Action Solidaire\",\"url\":\"https:\/\/www.generation-action-solidaire.org\/\",\"logo\":{\"@type\":\"ImageObject\",\"inLanguage\":\"fr-FR\",\"@id\":\"https:\/\/www.generation-action-solidaire.org\/#\/schema\/logo\/image\/\",\"url\":\"https:\/\/www.generation-action-solidaire.org\/wp-content\/uploads\/2025\/07\/logo-gas.jpg\",\"contentUrl\":\"https:\/\/www.generation-action-solidaire.org\/wp-content\/uploads\/2025\/07\/logo-gas.jpg\",\"width\":224,\"height\":224,\"caption\":\"G\u00e9n\u00e9ration Action Solidaire\"},\"image\":{\"@id\":\"https:\/\/www.generation-action-solidaire.org\/#\/schema\/logo\/image\/\"},\"sameAs\":[\"https:\/\/www.instagram.com\/generation_action_solidaire\/\"]}]}<\/script>\n<!-- \/ Yoast SEO plugin. -->","yoast_head_json":{"title":"P\u00f4le solidaire - G\u00e9n\u00e9ration Action Solidaire","robots":{"index":"index","follow":"follow","max-snippet":"max-snippet:-1","max-image-preview":"max-image-preview:large","max-video-preview":"max-video-preview:-1"},"canonical":"https:\/\/www.generation-action-solidaire.org\/index.php\/pole-solidaire\/","og_locale":"fr_FR","og_type":"article","og_title":"P\u00f4le solidaire - G\u00e9n\u00e9ration Action Solidaire","og_description":"Aides Alimentaires : Collecte hebdomadaire : R\u00e9cup\u00e9ration de produits frais et de premi\u00e8re n\u00e9cessit\u00e9 par nos b\u00e9n\u00e9voles. Assemblage et distribution : Produits tri\u00e9s et assembl\u00e9s en paniers alimentaires, distribu\u00e9s aux familles \/ \u00e9tudiants en difficult\u00e9. Objectif principal : Fournir des biens essentiels aux personnes dans le besoin, en partenariat avec Carrefour, Auchan et la banque [&hellip;]","og_url":"https:\/\/www.generation-action-solidaire.org\/index.php\/pole-solidaire\/","og_site_name":"G\u00e9n\u00e9ration Action Solidaire","article_modified_time":"2025-08-02T18:44:07+00:00","og_image":[{"width":1600,"height":1200,"url":"https:\/\/www.generation-action-solidaire.org\/wp-content\/uploads\/2025\/07\/7b7b7df8-1cef-4ce7-9e4a-558eb7d8ab75.jpg","type":"image\/jpeg"}],"twitter_card":"summary_large_image","twitter_misc":{"Dur\u00e9e de lecture estim\u00e9e":"3 minutes"},"schema":{"@context":"https:\/\/schema.org","@graph":[{"@type":"WebPage","@id":"https:\/\/www.generation-action-solidaire.org\/index.php\/pole-solidaire\/","url":"https:\/\/www.generation-action-solidaire.org\/index.php\/pole-solidaire\/","name":"P\u00f4le solidaire - G\u00e9n\u00e9ration Action Solidaire","isPartOf":{"@id":"https:\/\/www.generation-action-solidaire.org\/#website"},"primaryImageOfPage":{"@id":"https:\/\/www.generation-action-solidaire.org\/index.php\/pole-solidaire\/#primaryimage"},"image":{"@id":"https:\/\/www.generation-action-solidaire.org\/index.php\/pole-solidaire\/#primaryimage"},"thumbnailUrl":"http:\/\/localhost\/generationactionsolidaire\/wp-content\/uploads\/2025\/07\/7b7b7df8-1cef-4ce7-9e4a-558eb7d8ab75-1024x768.jpg","datePublished":"2025-07-16T02:53:51+00:00","dateModified":"2025-08-02T18:44:07+00:00","breadcrumb":{"@id":"https:\/\/www.generation-action-solidaire.org\/index.php\/pole-solidaire\/#breadcrumb"},"inLanguage":"fr-FR","potentialAction":[{"@type":"ReadAction","target":["https:\/\/www.generation-action-solidaire.org\/index.php\/pole-solidaire\/"]}]},{"@type":"ImageObject","inLanguage":"fr-FR","@id":"https:\/\/www.generation-action-solidaire.org\/index.php\/pole-solidaire\/#primaryimage","url":"http:\/\/localhost\/generationactionsolidaire\/wp-content\/uploads\/2025\/07\/7b7b7df8-1cef-4ce7-9e4a-558eb7d8ab75-1024x768.jpg","contentUrl":"http:\/\/localhost\/generationactionsolidaire\/wp-content\/uploads\/2025\/07\/7b7b7df8-1cef-4ce7-9e4a-558eb7d8ab75-1024x768.jpg"},{"@type":"BreadcrumbList","@id":"https:\/\/www.generation-action-solidaire.org\/index.php\/pole-solidaire\/#breadcrumb","itemListElement":[{"@type":"ListItem","position":1,"name":"Accueil","item":"https:\/\/www.generation-action-solidaire.org\/"},{"@type":"ListItem","position":2,"name":"P\u00f4le solidaire"}]},{"@type":"WebSite","@id":"https:\/\/www.generation-action-solidaire.org\/#website","url":"https:\/\/www.generation-action-solidaire.org\/","name":"G\u00e9n\u00e9ration Action Solidaire","description":"","publisher":{"@id":"https:\/\/www.generation-action-solidaire.org\/#organization"},"potentialAction":[{"@type":"SearchAction","target":{"@type":"EntryPoint","urlTemplate":"https:\/\/www.generation-action-solidaire.org\/?s={search_term_string}"},"query-input":{"@type":"PropertyValueSpecification","valueRequired":true,"valueName":"search_term_string"}}],"inLanguage":"fr-FR"},{"@type":"Organization","@id":"https:\/\/www.generation-action-solidaire.org\/#organization","name":"G\u00e9n\u00e9ration Action Solidaire","url":"https:\/\/www.generation-action-solidaire.org\/","logo":{"@type":"ImageObject","inLanguage":"fr-FR","@id":"https:\/\/www.generation-action-solidaire.org\/#\/schema\/logo\/image\/","url":"https:\/\/www.generation-action-solidaire.org\/wp-content\/uploads\/2025\/07\/logo-gas.jpg","contentUrl":"https:\/\/www.generation-action-solidaire.org\/wp-content\/uploads\/2025\/07\/logo-gas.jpg","width":224,"height":224,"caption":"G\u00e9n\u00e9ration Action Solidaire"},"image":{"@id":"https:\/\/www.generation-action-solidaire.org\/#\/schema\/logo\/image\/"},"sameAs":["https:\/\/www.instagram.com\/generation_action_solidaire\/"]}]}},"_links":{"self":[{"href":"https:\/\/www.generation-action-solidaire.org\/index.php\/wp-json\/wp\/v2\/pages\/232","targetHints":{"allow":["GET"]}}],"collection":[{"href":"https:\/\/www.generation-action-solidaire.org\/index.php\/wp-json\/wp\/v2\/pages"}],"about":[{"href":"https:\/\/www.generation-action-solidaire.org\/index.php\/wp-json\/wp\/v2\/types\/page"}],"author":[{"embeddable":true,"href":"https:\/\/www.generation-action-solidaire.org\/index.php\/wp-json\/wp\/v2\/users\/1"}],"replies":[{"embeddable":true,"href":"https:\/\/www.generation-action-solidaire.org\/index.php\/wp-json\/wp\/v2\/comments?post=232"}],"version-history":[{"count":10,"href":"https:\/\/www.generation-action-solidaire.org\/index.php\/wp-json\/wp\/v2\/pages\/232\/revisions"}],"predecessor-version":[{"id":537,"href":"https:\/\/www.generation-action-solidaire.org\/index.php\/wp-json\/wp\/v2\/pages\/232\/revisions\/537"}],"wp:attachment":[{"href":"https:\/\/www.generation-action-solidaire.org\/index.php\/wp-json\/wp\/v2\/media?parent=232"}],"curies":[{"name":"wp","href":"https:\/\/api.w.org\/{rel}","templated":true}]}}