{"id":20,"date":"2025-07-07T15:00:10","date_gmt":"2025-07-07T13:00:10","guid":{"rendered":"http:\/\/localhost\/generationactionsolidaire\/?page_id=20"},"modified":"2025-08-02T20:57:42","modified_gmt":"2025-08-02T18:57:42","slug":"nous-soutenir","status":"publish","type":"page","link":"https:\/\/www.generation-action-solidaire.org\/index.php\/nous-soutenir\/","title":{"rendered":"Nous soutenir"},"content":{"rendered":"\n<div class=\"wp-block-group alignfull has-ti-bg-alt-color has-ti-bg-inv-background-color has-text-color has-background is-layout-constrained wp-container-core-group-is-layout-f4a48e69 wp-block-group-is-layout-constrained\" style=\"margin-top:0px;margin-bottom:0px;padding-top:64px;padding-bottom:64px;background-image:url(&apos;https:\/\/www.generation-action-solidaire.org\/wp-content\/uploads\/2025\/07\/IMG_6395-Copie-2.jpg&apos;);background-position:50% 51%;background-size:cover;\">\n<div style=\"height:100px\" aria-hidden=\"true\" class=\"wp-block-spacer\"><\/div>\n\n\n\n<div class=\"wp-block-group alignwide is-layout-flow wp-block-group-is-layout-flow\">\n<div class=\"wp-block-group alignwide is-layout-constrained wp-block-group-is-layout-constrained\"><h1 class=\"has-text-align-center has-link-color alignwide wp-elements-1659c55acbbddafa0a8ef96f81e64794 wp-block-post-title has-text-color has-white-color\">Nous soutenir<\/h1><\/div>\n<\/div>\n\n\n\n<div style=\"height:100px\" aria-hidden=\"true\" class=\"wp-block-spacer\"><\/div>\n<\/div>\n\n\n\n<div class=\"wp-block-group is-layout-constrained wp-block-group-is-layout-constrained\">\n<p>Chaque don compte. Gr\u00e2ce \u00e0 votre g\u00e9n\u00e9rosit\u00e9, nous pouvons continuer \u00e0 aider des centaines de b\u00e9n\u00e9ficiaires chaque mois.<\/p>\n\n\n\n<p><strong>Ensemble, nous pouvons aider plus de b\u00e9n\u00e9ficiaires.<\/strong><\/p>\n\n\n\n<p>Faire un don, c\u2019est s\u2019engager \u00e0 nos c\u00f4t\u00e9s pour un monde plus juste. Quel que soit le montant, votre contribution a un impact r\u00e9el.<\/p>\n<\/div>\n\n\n\n<p class=\"has-text-align-center has-medium-font-size\">Soutenez nos actions avec un geste :<\/p>\n\n\n\n<iframe id=\"haWidget\" allowtransparency=\"true\" scrolling=\"auto\" src=\"https:\/\/www.helloasso.com\/associations\/generation-action-solidaire\/formulaires\/1\/widget\" style=\"width: 100%; height: 750px; border: none;\"><\/iframe>\n","protected":false},"excerpt":{"rendered":"<p>Chaque don compte. Gr\u00e2ce \u00e0 votre g\u00e9n\u00e9rosit\u00e9, nous pouvons continuer \u00e0 aider des centaines de b\u00e9n\u00e9ficiaires chaque mois. Ensemble, nous pouvons aider plus de b\u00e9n\u00e9ficiaires. Faire un don, c\u2019est s\u2019engager \u00e0 nos c\u00f4t\u00e9s pour un monde plus juste. Quel que soit le montant, votre contribution a un impact r\u00e9el. Soutenez nos actions avec un geste [&hellip;]<\/p>\n","protected":false},"author":1,"featured_media":0,"parent":0,"menu_order":0,"comment_status":"closed","ping_status":"closed","template":"","meta":{"footnotes":""},"class_list":["post-20","page","type-page","status-publish","hentry"],"yoast_head":"<!-- This site is optimized with the Yoast SEO plugin v25.6 - https:\/\/yoast.com\/wordpress\/plugins\/seo\/ -->\n<title>Nous soutenir - G\u00e9n\u00e9ration Action Solidaire<\/title>\n<meta name=\"robots\" content=\"index, follow, max-snippet:-1, max-image-preview:large, max-video-preview:-1\" \/>\n<link rel=\"canonical\" href=\"https:\/\/www.generation-action-solidaire.org\/index.php\/nous-soutenir\/\" \/>\n<meta property=\"og:locale\" content=\"fr_FR\" \/>\n<meta property=\"og:type\" content=\"article\" \/>\n<meta property=\"og:title\" content=\"Nous soutenir - G\u00e9n\u00e9ration Action Solidaire\" \/>\n<meta property=\"og:description\" content=\"Chaque don compte. Gr\u00e2ce \u00e0 votre g\u00e9n\u00e9rosit\u00e9, nous pouvons continuer \u00e0 aider des centaines de b\u00e9n\u00e9ficiaires chaque mois. Ensemble, nous pouvons aider plus de b\u00e9n\u00e9ficiaires. Faire un don, c\u2019est s\u2019engager \u00e0 nos c\u00f4t\u00e9s pour un monde plus juste. Quel que soit le montant, votre contribution a un impact r\u00e9el. Soutenez nos actions avec un geste [&hellip;]\" \/>\n<meta property=\"og:url\" content=\"https:\/\/www.generation-action-solidaire.org\/index.php\/nous-soutenir\/\" \/>\n<meta property=\"og:site_name\" content=\"G\u00e9n\u00e9ration Action Solidaire\" \/>\n<meta property=\"article:modified_time\" content=\"2025-08-02T18:57:42+00:00\" \/>\n<meta name=\"twitter:card\" content=\"summary_large_image\" \/>\n<meta name=\"twitter:label1\" content=\"Dur\u00e9e de lecture estim\u00e9e\" \/>\n\t<meta name=\"twitter:data1\" content=\"1 minute\" \/>\n<script type=\"application\/ld+json\" class=\"yoast-schema-graph\">{\"@context\":\"https:\/\/schema.org\",\"@graph\":[{\"@type\":\"WebPage\",\"@id\":\"https:\/\/www.generation-action-solidaire.org\/index.php\/nous-soutenir\/\",\"url\":\"https:\/\/www.generation-action-solidaire.org\/index.php\/nous-soutenir\/\",\"name\":\"Nous soutenir - G\u00e9n\u00e9ration Action Solidaire\",\"isPartOf\":{\"@id\":\"https:\/\/www.generation-action-solidaire.org\/#website\"},\"datePublished\":\"2025-07-07T13:00:10+00:00\",\"dateModified\":\"2025-08-02T18:57:42+00:00\",\"breadcrumb\":{\"@id\":\"https:\/\/www.generation-action-solidaire.org\/index.php\/nous-soutenir\/#breadcrumb\"},\"inLanguage\":\"fr-FR\",\"potentialAction\":[{\"@type\":\"ReadAction\",\"target\":[\"https:\/\/www.generation-action-solidaire.org\/index.php\/nous-soutenir\/\"]}]},{\"@type\":\"BreadcrumbList\",\"@id\":\"https:\/\/www.generation-action-solidaire.org\/index.php\/nous-soutenir\/#breadcrumb\",\"itemListElement\":[{\"@type\":\"ListItem\",\"position\":1,\"name\":\"Accueil\",\"item\":\"https:\/\/www.generation-action-solidaire.org\/\"},{\"@type\":\"ListItem\",\"position\":2,\"name\":\"Nous soutenir\"}]},{\"@type\":\"WebSite\",\"@id\":\"https:\/\/www.generation-action-solidaire.org\/#website\",\"url\":\"https:\/\/www.generation-action-solidaire.org\/\",\"name\":\"G\u00e9n\u00e9ration Action Solidaire\",\"description\":\"\",\"publisher\":{\"@id\":\"https:\/\/www.generation-action-solidaire.org\/#organization\"},\"potentialAction\":[{\"@type\":\"SearchAction\",\"target\":{\"@type\":\"EntryPoint\",\"urlTemplate\":\"https:\/\/www.generation-action-solidaire.org\/?s={search_term_string}\"},\"query-input\":{\"@type\":\"PropertyValueSpecification\",\"valueRequired\":true,\"valueName\":\"search_term_string\"}}],\"inLanguage\":\"fr-FR\"},{\"@type\":\"Organization\",\"@id\":\"https:\/\/www.generation-action-solidaire.org\/#organization\",\"name\":\"G\u00e9n\u00e9ration Action Solidaire\",\"url\":\"https:\/\/www.generation-action-solidaire.org\/\",\"logo\":{\"@type\":\"ImageObject\",\"inLanguage\":\"fr-FR\",\"@id\":\"https:\/\/www.generation-action-solidaire.org\/#\/schema\/logo\/image\/\",\"url\":\"https:\/\/www.generation-action-solidaire.org\/wp-content\/uploads\/2025\/07\/logo-gas.jpg\",\"contentUrl\":\"https:\/\/www.generation-action-solidaire.org\/wp-content\/uploads\/2025\/07\/logo-gas.jpg\",\"width\":224,\"height\":224,\"caption\":\"G\u00e9n\u00e9ration Action Solidaire\"},\"image\":{\"@id\":\"https:\/\/www.generation-action-solidaire.org\/#\/schema\/logo\/image\/\"},\"sameAs\":[\"https:\/\/www.instagram.com\/generation_action_solidaire\/\"]}]}<\/script>\n<!-- \/ Yoast SEO plugin. -->","yoast_head_json":{"title":"Nous soutenir - G\u00e9n\u00e9ration Action Solidaire","robots":{"index":"index","follow":"follow","max-snippet":"max-snippet:-1","max-image-preview":"max-image-preview:large","max-video-preview":"max-video-preview:-1"},"canonical":"https:\/\/www.generation-action-solidaire.org\/index.php\/nous-soutenir\/","og_locale":"fr_FR","og_type":"article","og_title":"Nous soutenir - G\u00e9n\u00e9ration Action Solidaire","og_description":"Chaque don compte. Gr\u00e2ce \u00e0 votre g\u00e9n\u00e9rosit\u00e9, nous pouvons continuer \u00e0 aider des centaines de b\u00e9n\u00e9ficiaires chaque mois. Ensemble, nous pouvons aider plus de b\u00e9n\u00e9ficiaires. Faire un don, c\u2019est s\u2019engager \u00e0 nos c\u00f4t\u00e9s pour un monde plus juste. Quel que soit le montant, votre contribution a un impact r\u00e9el. Soutenez nos actions avec un geste [&hellip;]","og_url":"https:\/\/www.generation-action-solidaire.org\/index.php\/nous-soutenir\/","og_site_name":"G\u00e9n\u00e9ration Action Solidaire","article_modified_time":"2025-08-02T18:57:42+00:00","twitter_card":"summary_large_image","twitter_misc":{"Dur\u00e9e de lecture estim\u00e9e":"1 minute"},"schema":{"@context":"https:\/\/schema.org","@graph":[{"@type":"WebPage","@id":"https:\/\/www.generation-action-solidaire.org\/index.php\/nous-soutenir\/","url":"https:\/\/www.generation-action-solidaire.org\/index.php\/nous-soutenir\/","name":"Nous soutenir - G\u00e9n\u00e9ration Action Solidaire","isPartOf":{"@id":"https:\/\/www.generation-action-solidaire.org\/#website"},"datePublished":"2025-07-07T13:00:10+00:00","dateModified":"2025-08-02T18:57:42+00:00","breadcrumb":{"@id":"https:\/\/www.generation-action-solidaire.org\/index.php\/nous-soutenir\/#breadcrumb"},"inLanguage":"fr-FR","potentialAction":[{"@type":"ReadAction","target":["https:\/\/www.generation-action-solidaire.org\/index.php\/nous-soutenir\/"]}]},{"@type":"BreadcrumbList","@id":"https:\/\/www.generation-action-solidaire.org\/index.php\/nous-soutenir\/#breadcrumb","itemListElement":[{"@type":"ListItem","position":1,"name":"Accueil","item":"https:\/\/www.generation-action-solidaire.org\/"},{"@type":"ListItem","position":2,"name":"Nous soutenir"}]},{"@type":"WebSite","@id":"https:\/\/www.generation-action-solidaire.org\/#website","url":"https:\/\/www.generation-action-solidaire.org\/","name":"G\u00e9n\u00e9ration Action Solidaire","description":"","publisher":{"@id":"https:\/\/www.generation-action-solidaire.org\/#organization"},"potentialAction":[{"@type":"SearchAction","target":{"@type":"EntryPoint","urlTemplate":"https:\/\/www.generation-action-solidaire.org\/?s={search_term_string}"},"query-input":{"@type":"PropertyValueSpecification","valueRequired":true,"valueName":"search_term_string"}}],"inLanguage":"fr-FR"},{"@type":"Organization","@id":"https:\/\/www.generation-action-solidaire.org\/#organization","name":"G\u00e9n\u00e9ration Action Solidaire","url":"https:\/\/www.generation-action-solidaire.org\/","logo":{"@type":"ImageObject","inLanguage":"fr-FR","@id":"https:\/\/www.generation-action-solidaire.org\/#\/schema\/logo\/image\/","url":"https:\/\/www.generation-action-solidaire.org\/wp-content\/uploads\/2025\/07\/logo-gas.jpg","contentUrl":"https:\/\/www.generation-action-solidaire.org\/wp-content\/uploads\/2025\/07\/logo-gas.jpg","width":224,"height":224,"caption":"G\u00e9n\u00e9ration Action Solidaire"},"image":{"@id":"https:\/\/www.generation-action-solidaire.org\/#\/schema\/logo\/image\/"},"sameAs":["https:\/\/www.instagram.com\/generation_action_solidaire\/"]}]}},"_links":{"self":[{"href":"https:\/\/www.generation-action-solidaire.org\/index.php\/wp-json\/wp\/v2\/pages\/20","targetHints":{"allow":["GET"]}}],"collection":[{"href":"https:\/\/www.generation-action-solidaire.org\/index.php\/wp-json\/wp\/v2\/pages"}],"about":[{"href":"https:\/\/www.generation-action-solidaire.org\/index.php\/wp-json\/wp\/v2\/types\/page"}],"author":[{"embeddable":true,"href":"https:\/\/www.generation-action-solidaire.org\/index.php\/wp-json\/wp\/v2\/users\/1"}],"replies":[{"embeddable":true,"href":"https:\/\/www.generation-action-solidaire.org\/index.php\/wp-json\/wp\/v2\/comments?post=20"}],"version-history":[{"count":13,"href":"https:\/\/www.generation-action-solidaire.org\/index.php\/wp-json\/wp\/v2\/pages\/20\/revisions"}],"predecessor-version":[{"id":553,"href":"https:\/\/www.generation-action-solidaire.org\/index.php\/wp-json\/wp\/v2\/pages\/20\/revisions\/553"}],"wp:attachment":[{"href":"https:\/\/www.generation-action-solidaire.org\/index.php\/wp-json\/wp\/v2\/media?parent=20"}],"curies":[{"name":"wp","href":"https:\/\/api.w.org\/{rel}","templated":true}]}}

<div class="wp-block-group alignfull has-ti-bg-alt-color has-ti-bg-inv-background-color has-text-color has-background is-layout-constrained wp-container-core-group-is-layout-f4a48e69 wp-block-group-is-layout-constrained" style="margin-top:0px;margin-bottom:0px;padding-top:64px;padding-bottom:64px;background-image:url(&apos;https://www.generation-action-solidaire.org/wp-content/uploads/2025/07/IMG_6395-Copie-2.jpg&apos;);background-position:50% 51%;background-size:cover;">
<div style="height:100px" aria-hidden="true" class="wp-block-spacer"></div>



<div class="wp-block-group alignwide is-layout-flow wp-block-group-is-layout-flow">
<div class="wp-block-group alignwide is-layout-constrained wp-block-group-is-layout-constrained"><h1 class="has-text-align-center has-link-color alignwide wp-elements-1659c55acbbddafa0a8ef96f81e64794 wp-block-post-title has-text-color has-white-color">Nous soutenir</h1></div>
</div>



<div style="height:100px" aria-hidden="true" class="wp-block-spacer"></div>
</div>



<div class="wp-block-group is-layout-constrained wp-block-group-is-layout-constrained">
<p>Chaque don compte. Grâce à votre générosité, nous pouvons continuer à aider des centaines de bénéficiaires chaque mois.</p>



<p><strong>Ensemble, nous pouvons aider plus de bénéficiaires.</strong></p>



<p>Faire un don, c’est s’engager à nos côtés pour un monde plus juste. Quel que soit le montant, votre contribution a un impact réel.</p>
</div>



<p class="has-text-align-center has-medium-font-size">Soutenez nos actions avec un geste :</p>



<iframe id="haWidget" allowtransparency="true" scrolling="auto" src="https://www.helloasso.com/associations/generation-action-solidaire/formulaires/1/widget" style="width: 100%; height: 750px; border: none;"></iframe>

<p>Chaque don compte. Grâce à votre générosité, nous pouvons continuer à aider des centaines de bénéficiaires chaque mois. Ensemble, nous pouvons aider plus de bénéficiaires. Faire un don, c’est s’engager à nos côtés pour un monde plus juste. Quel que soit le montant, votre contribution a un impact réel. Soutenez nos actions avec un geste [&hellip;]</p>

<!-- This site is optimized with the Yoast SEO plugin v25.6 - https://yoast.com/wordpress/plugins/seo/ -->
<title>Nous soutenir - Génération Action Solidaire</title>
<meta name="robots" content="index, follow, max-snippet:-1, max-image-preview:large, max-video-preview:-1" />
<link rel="canonical" href="https://www.generation-action-solidaire.org/index.php/nous-soutenir/" />
<meta property="og:locale" content="fr_FR" />
<meta property="og:type" content="article" />
<meta property="og:title" content="Nous soutenir - Génération Action Solidaire" />
<meta property="og:description" content="Chaque don compte. Grâce à votre générosité, nous pouvons continuer à aider des centaines de bénéficiaires chaque mois. Ensemble, nous pouvons aider plus de bénéficiaires. Faire un don, c’est s’engager à nos côtés pour un monde plus juste. Quel que soit le montant, votre contribution a un impact réel. Soutenez nos actions avec un geste [&hellip;]" />
<meta property="og:url" content="https://www.generation-action-solidaire.org/index.php/nous-soutenir/" />
<meta property="og:site_name" content="Génération Action Solidaire" />
<meta property="article:modified_time" content="2025-08-02T18:57:42+00:00" />
<meta name="twitter:card" content="summary_large_image" />
<meta name="twitter:label1" content="Durée de lecture estimée" />
	<meta name="twitter:data1" content="1 minute" />
<script type="application/ld+json" class="yoast-schema-graph">{"@context":"https://schema.org","@graph":[{"@type":"WebPage","@id":"https://www.generation-action-solidaire.org/index.php/nous-soutenir/","url":"https://www.generation-action-solidaire.org/index.php/nous-soutenir/","name":"Nous soutenir - Génération Action Solidaire","isPartOf":{"@id":"https://www.generation-action-solidaire.org/#website"},"datePublished":"2025-07-07T13:00:10+00:00","dateModified":"2025-08-02T18:57:42+00:00","breadcrumb":{"@id":"https://www.generation-action-solidaire.org/index.php/nous-soutenir/#breadcrumb"},"inLanguage":"fr-FR","potentialAction":[{"@type":"ReadAction","target":["https://www.generation-action-solidaire.org/index.php/nous-soutenir/"]}]},{"@type":"BreadcrumbList","@id":"https://www.generation-action-solidaire.org/index.php/nous-soutenir/#breadcrumb","itemListElement":[{"@type":"ListItem","position":1,"name":"Accueil","item":"https://www.generation-action-solidaire.org/"},{"@type":"ListItem","position":2,"name":"Nous soutenir"}]},{"@type":"WebSite","@id":"https://www.generation-action-solidaire.org/#website","url":"https://www.generation-action-solidaire.org/","name":"Génération Action Solidaire","description":"","publisher":{"@id":"https://www.generation-action-solidaire.org/#organization"},"potentialAction":[{"@type":"SearchAction","target":{"@type":"EntryPoint","urlTemplate":"https://www.generation-action-solidaire.org/?s={search_term_string}"},"query-input":{"@type":"PropertyValueSpecification","valueRequired":true,"valueName":"search_term_string"}}],"inLanguage":"fr-FR"},{"@type":"Organization","@id":"https://www.generation-action-solidaire.org/#organization","name":"Génération Action Solidaire","url":"https://www.generation-action-solidaire.org/","logo":{"@type":"ImageObject","inLanguage":"fr-FR","@id":"https://www.generation-action-solidaire.org/#/schema/logo/image/","url":"https://www.generation-action-solidaire.org/wp-content/uploads/2025/07/logo-gas.jpg","contentUrl":"https://www.generation-action-solidaire.org/wp-content/uploads/2025/07/logo-gas.jpg","width":224,"height":224,"caption":"Génération Action Solidaire"},"image":{"@id":"https://www.generation-action-solidaire.org/#/schema/logo/image/"},"sameAs":["https://www.instagram.com/generation_action_solidaire/"]}]}</script>
<!-- / Yoast SEO plugin. -->

Nous soutenir - Génération Action Solidaire

Chaque don compte. Grâce à votre générosité, nous pouvons continuer à aider des centaines de bénéficiaires chaque mois. Ensemble, nous pouvons aider plus de bénéficiaires. Faire un don, c’est s’engager à nos côtés pour un monde plus juste. Quel que soit le montant, votre contribution a un impact réel. Soutenez nos actions avec un geste [&hellip;]

Génération Action Solidaire
